j) = -5*g(j) - 8*z(j). Is h(a) composite?
False
Let i(x) = 78*x + 42. Let v be i(23). Let o = 6697 - v. Is o a prime number?
True
Let a(o) = -40*o - 487. Let q be a(17). Suppose 2*h = -1259 + 119. Let k = h - q. Is k a prime number?
False
Let f be -34*(-3303)/6 + -2. Let j = f - 12796. Is j prime?
False
Let p(y) = 1797*y**3 - 4*y**2 + 97*y - 437. Is p(5) composite?
True
Let q(u) = 13*u - 20. Let c be q(0). Let s = 5307 - c. Is s prime?
False
Suppose -4*p = p + 2*h - 925255, -5*p = -3*h - 925255. Is p a composite number?
False
Suppose 4 = 12*y - 10*y. Suppose -5*f - 3 = -2*b, y*b = 3*f - 4*f + 9. Suppose -w - v = -3*v - 429, 1691 = b*w - 3*v. Is w prime?
True
Suppose 81*c - 45010 - 22784 = 75*c. Is c a prime number?
True
Let h(n) = 7*n**2 - 13*n + 7. Let c be h(15). Let y(o) = -79*o + 1. Let s be y(-11). Let f = c - s. Is f a composite number?
True
Suppose -8*c + 3*c - 4*f + 2 = 0, -5*c = -4*f + 22. Is (-21642)/c*(-8)/(-24) prime?
True
Let s be ((-34)/4 + -1)*-22. Let v = 436 + -518. Let w = s + v. Is w a prime number?
True
Suppose -3*a - 21 = -4*g, 5*a + 24 = 4*g + a. Let b(d) = d**3 - 4*d**2 + 4*d - 1. Let h be b(g). Suppose t = 5*z - 2239, 2*z - t = h*t + 906. Is z composite?
True
Let l be ((-12219)/12 - -3)/(2/8). Let g = -2304 - l. Is g a composite number?
True
Let z(i) = -34035*i - 166. Is z(-7) prime?
True
Let o = 509333 + 122556. Is o composite?
False
Let f(y) = -4*y**3 + 6*y**2 + 9*y - 94. Let a be 133/(-9) - (-24)/(-108). Is f(a) composite?
False
Let z(k) = 10*k + 44 + 2*k - 9*k. Let d be z(-11). Is d/((-4)/(-628) + 0) a prime number?
False
Let m(y) = -9790*y + 7537. Is m(-15) a prime number?
True
Suppose -5*q + 3*d = -558 - 6157, d = -3*q + 4029. Is q prime?
False
Let o(z) = 2*z**2 + 50*z - 42. Let d be o(-26). Suppose 5*b - 5 = d, 7210 = 4*w + 2*b. Is w a prime number?
True
Let c = 1570 - 1322. Suppose 5*o + 2*d = -2*d + 2907, 0 = -3*d + 9. Let s = o - c. Is s prime?
True
Let s be 2/(-7) + (-74)/(-14). Suppose -p - w = -10272, s*w + 16 - 41 = 0. Is p a composite number?
False
Suppose 3*t - 26 = -i, 0*t - 2*t - 5*i = 0. Suppose -t*s = -15*s. Suppose d + 57 - 526 = s. Is d a prime number?
False
Let k(g) = 2*g + 36. Let z be k(-17). Suppose -z*i - 9 = -15. Suppose 4*r - 460 = 4*h, i*h - 82 = -2*r + 148. Is r prime?
False
Let d = 144 + -89. Let w be (-1 - -1) + d/11. Suppose -28 = 5*l - w*j - 193, -j + 107 = 3*l. Is l composite?
True
Suppose -2*s = -3*y + 556459, 94*y - 5*s - 185495 = 93*y. Is y a prime number?
False
Let z(j) be the third derivative of -j**7/840 + j**6/45 + j**5/120 - j**4/8 - 5*j**3/3 + 14*j**2. Let m(a) be the first derivative of z(a). Is m(-4) prime?
False
Let v = 1429 - 944. Suppose v = 107*b - 102*b. Is b composite?
False
Let f = -4311 + 5426. Is f a composite number?
True
Let r(n) = 1125*n - 24. Let v be r(4). Suppose -8*d + 4220 = -v. Is d prime?
True
Let r(q) = 10*q**2 - 122*q - 95. Is r(29) a prime number?
False
Suppose -2*m + 2*w - 18 = 0, -m = -2*m - 4*w + 11. Let h be (-1 - m/(-5)) + 5. Is h/6*(1589 - -5) prime?
True
Let m(z) = 1338*z**2 + 320*z + 2619. Is m(-8) a prime number?
True
Suppose 11 = 3*o + f - 0, -2*f - 8 = -4*o. Suppose o*k - 12767 = 3736. Is k a composite number?
False
Let j = -188 + 183. Let l(o) = -19*o**3 + 6*o - 12. Is l(j) composite?
False
Suppose -z + 3*z - 2*w - 6 = 0, -3*z + 4*w + 13 = 0. Is (4 - -626) + (4 - z) composite?
True
Suppose -4*w = -1 + 5. Let r be w/(-2) + 5/10. Is (-3 + r)/2 - -135 a composite number?
True
Suppose 8*a - 2*a + 78 = 0. Let w be -1 + 1 - (11 + a). Suppose -2*s - 2*d + 4710 = 0, -3*s - w*d + 5180 + 1887 = 0. Is s a composite number?
False
Let f = -5 - -11. Suppose 2*h + 1926 = -4*k, -k - 4*k - 15 = 0. Is 1*f/3 - h a composite number?
True
Suppose 3*y = -y - 306860. Let c(u) = u**3 - 6*u**2 - 9*u - 8. Let i be c(7). Is (-4)/i + (2 - y/55) prime?
False
Let x(f) = 6*f + 28. Let d be x(-10). Let c = 37 + d. Suppose c*t - 762 = 3*t. Is t a prime number?
False
Suppose 4*w = 4*i - 0*i, -3*w - 8 = -i. Let r(d) = -1641*d - 175. Is r(i) a composite number?
False
Suppose 512 + 112 = 12*x. Suppose -x*a + 34494 = -46*a. Is a a composite number?
False
Suppose 3*d + d = 5*v + 5, 0 = -3*v + 2*d - 5. Let y be -2 + 4 + v + 18. Let r(w) = 70*w + 37. Is r(y) a prime number?
True
Is ((-27)/(-6))/3*(-14816192)/(-96) prime?
True
Let o = 370 - 369. Let k(c) = 27647*c**3 - c**2 + 2*c - 1. Is k(o) prime?
True
Let w = -995748 - -2468599. Is w composite?
True
Let q(j) = -193*j**3 - 3*j**2 - 4*j - 5. Let n(i) = 7*i**3 - 3*i**2 - 3*i + 2. Let h be n(1). Suppose h*b - 7*b - 8 = 0. Is q(b) a composite number?
True
Let f be 1 + 1 + 10/(-5). Suppose f = 17*b - 22*b + 20. Suppose 0 = -w - s + 750, b*w = 5*s - 0*s + 3045. Is w composite?
True
Let o = 15895 - 2918. Is o prime?
False
Let a = 38 + -36. Suppose 5*j = l - 10079, -10*j + 20158 = a*l - 8*j. Is l composite?
False
Is (5247974/(-267))/(2/(-12)*4/19) a composite number?
True
Suppose 0 = -6*u - 45 + 603. Suppose 96*v = u*v + 20499. Is v a composite number?
False
Let t = 724892 - 291465. Is t a prime number?
False
Let q(v) be the second derivative of -403*v**3/3 - 15*v**2/2 - 13*v. Let h be q(-6). Suppose 5*t - 3049 = h. Is t prime?
False
Let b(v) = 9190*v**2 - 3*v - 4. Let a be b(-2). Let m be 5/25 + a/15. Suppose -3*r - 5452 = -2*u, 2*r + m = 2*u - 3003. Is u prime?
True
Let v(u) = -236*u - 71. Let m(f) = f**2 + 14*f + 31. Let h be m(-10). Is v(h) composite?
False
Suppose -260*j + 2988339261 - 158291726 = 545*j. Is j composite?
False
Let y(b) = -1087*b - 189. Let d(q) = q**3 + 5*q**2 - 3*q + 8. Let c be d(-6). Is y(c) prime?
False
Suppose 346*g = 353*g - 2982. Is (g/8)/((-17)/(680/(-30))) prime?
True
Is 469228/(-3*(-9)/(54/8)) a composite number?
False
Suppose 126*i - 121*i = 20. Suppose 2*f - 2806 = 3*x, -i*x + 3*x = -5*f + 6989. Is f composite?
True
Let n = -267 - -266. Is ((-87077)/38)/(n/2) composite?
False
Let h = -2888 - 2331. Let s = -2202 - h. Is s composite?
True
Let h be (-20)/(-35) - (-303)/21. Let r(t) = -h*t**2 + 33*t + 19*t**2 - 6 - 26. Is r(-15) composite?
False
Let p(m) = 406*m**2 - 4*m + 23. Let z be p(7). Let q = 28510 - z. Is q a prime number?
False
Let g(a) = 8 + 9 - 729*a - 840*a - 6. Is g(-2) prime?
False
Let m be 3/(30/(-105) + 82/140). Let d(t) = -4*t + 30. Let v be d(m). Is 5/v*(-5802)/3 a prime number?
True
Suppose -4*m + 2*m - 16 = 2*d, 0 = 2*d. Let s = -11 - m. Is 129 + s*8/12 composite?
False
Suppose -55 = -c - 79. Is -15798*((-16)/(-24) - (-20)/c) prime?
True
Let f(z) = -z**3 + z**2 + 16*z - 8. Let c be f(4). Suppose -2*k + 4*u = -23982, -5*u = 3*k - c*u - 35961. Is k prime?
False
Suppose -2 = -u - 0. Let f(t) = 57 - 26 + 79*t**u - 32 + 88*t**2 + 3*t. Is f(2) composite?
False
Suppose 0 = p + 2*r - 996, 4012 = -0*p + 4*p + r. Let f be (-4215)/6 - (-12)/8. Let w = p + f. Is w prime?
False
Let q(b) = -11*b + 130. Let i be q(10). Suppose -31868 - 162572 = -i*w. Is w a prime number?
False
Let d(q) be the second derivative of 49*q**3 - 1/2*q**2 + 0 - 6*q. Is d(1) a composite number?
False
Is (-2)/((-8)/(-7)) + (-324899)/(-4) a prime number?
True
Suppose -s + 0 = -2, 5*s + 80 = -2*d. Is (-4)/(-18) - 25685/d a composite number?
False
Let b(s) be the first derivative of -81*s**2 - 5*s + 322. Let z(h) = h**3 - 7*h**2 + 6*h - 6. Let i be z(6). Is b(i) a prime number?
True
Let z(y) = 3696*y**2 + 6*y + 1. Suppose -5*i - 5 = 0, r + i + 3 = -r. Is z(r) composite?
False
Let p(f) = 5*f + 29*f**2 + 12*f**2 + 24 + 305*f**2 + 4. Is p(-3) a composite number?
True
Let w be (-18 + -1007)*6/(-10). Suppose -w = -25*q + 210. Is q a prime number?
False
Let b = -291 + 296. Suppose -2*h + 3537 = 3*x, b*x - x - 4723 = -5*h. Is x prime?
False
Suppose -12225 - 34419 = -4*n. Suppose 6*l - n = -3579. Is l composite?
True
Suppose 4 = -2*a + 12. Suppose -2*f + 600 = a*y - 1434, -5*f = -15. Let d = y + -64. Is d prime?
True
Let d(r) = -323*r**2 - 14*r - 5. Let p be d(-7). Let y = 24532 + p. Suppose 0*g - 3*g = -5*a - 5272, -y = -5*g - 3*a. Is g composite?
False
Let a(u) = -24*u**3 + 29*u**2 - 6*u - 45. Let d be a(-20). Suppose -3*y = 0, -h - y - d = -6*h. Is h composite?
True
Let i = -26 + -826. Let p = -498 - i. Is (p/(-5))/((-2)/5) a prime number?
False
Let w = -257964 + 538337. Is w prime?
True
Let b(q) = -18*q + 917 + 259 + 451 - 374. Is 